{"id":27,"date":"2026-01-26T18:14:04","date_gmt":"2026-01-26T17:14:04","guid":{"rendered":"https:\/\/conciergeriedesvigneschalon.fr\/?page_id=27"},"modified":"2026-02-05T00:00:29","modified_gmt":"2026-02-04T23:00:29","slug":"contact","status":"publish","type":"page","link":"https:\/\/conciergeriedesvigneschalon.fr\/index.php\/contact\/","title":{"rendered":"Contact"},"content":{"rendered":"\n<h1 id=\"wp-block-themeisle-blocks-advanced-heading-bde4daca\" class=\"wp-block-themeisle-blocks-advanced-heading wp-block-themeisle-blocks-advanced-heading-bde4daca\">Audit gratuit de votre logement<\/h1>\n\n\n\n<p><\/p>\n\n\n\n<div class=\"wp-block-columns is-layout-flex wp-container-core-columns-is-layout-28f84493 wp-block-columns-is-layout-flex\">\n<div class=\"wp-block-column is-layout-flow wp-block-column-is-layout-flow\">\n<p class=\"has-text-align-center\">Par mail<\/p>\n<\/div>\n\n\n\n<div class=\"wp-block-column is-vertically-aligned-center is-layout-flow wp-block-column-is-layout-flow\">\n<div class=\"wp-block-buttons is-content-justification-space-between is-layout-flex wp-container-core-buttons-is-layout-b2891da8 wp-block-buttons-is-layout-flex\">\n<div class=\"wp-block-button\"><a class=\"wp-block-button__link has-accent-background-color has-background has-text-align-center has-custom-font-size wp-element-button\" href=\"mailto:thomas@conciergeriedesvigneschalon.fr\" style=\"font-size:15px\">thomas@conciergeriedesvigneschalon.fr<\/a><\/div>\n<\/div>\n<\/div>\n<\/div>\n\n\n\n<div class=\"wp-block-columns is-layout-flex wp-container-core-columns-is-layout-28f84493 wp-block-columns-is-layout-flex\">\n<div class=\"wp-block-column is-layout-flow wp-block-column-is-layout-flow\">\n<p class=\"has-text-align-center\">Par t\u00e9l\u00e9phone<\/p>\n<\/div>\n\n\n\n<div class=\"wp-block-column is-layout-flow wp-block-column-is-layout-flow\">\n<div class=\"wp-block-buttons is-content-justification-space-between is-layout-flex wp-container-core-buttons-is-layout-b2891da8 wp-block-buttons-is-layout-flex\">\n<div class=\"wp-block-button\"><a class=\"wp-block-button__link has-accent-background-color has-background has-text-align-center has-custom-font-size wp-element-button\" href=\"tel:0783540322\" style=\"font-size:15px\">07 83 54 03 22<\/a><\/div>\n<\/div>\n<\/div>\n<\/div>\n\n\n\n<p class=\"has-medium-font-size\">Vous avez un projet de location saisonni\u00e8re \u00e0 Chalon-sur-Sa\u00f4ne ou dans le Grand Chalon ? Vous cherchez quelqu&rsquo;un pour surveiller votre residence secondaire ou le logement d&rsquo;un proche? Vous vous occupez vous m\u00eame de locations saisonnieres et vous avez besoin de vous absenter?<\/p>\n\n\n\n<p class=\"has-medium-font-size\">Contactez la <strong>Conciergerie des Vignes Chalon<\/strong> pour une <strong>\u00e9tude personnalis\u00e9e et gratuite<\/strong> de votre besoin.<\/p>\n\n\n\n<p class=\"has-medium-font-size\">Nous vous r\u00e9pondons rapidement pour \u00e9changer sur votre projet et vous proposer une solution adapt\u00e9e.<\/p>\n","protected":false},"excerpt":{"rendered":"<p>Par mail Par t\u00e9l\u00e9phone Vous avez un projet de location saisonni\u00e8re \u00e0 Chalon-sur-Sa\u00f4ne ou dans le Grand Chalon ? Vous cherchez quelqu&rsquo;un pour surveiller votre residence secondaire ou le logement d&rsquo;un proche? Vous vous occupez vous m\u00eame de locations saisonnieres et vous avez besoin de vous absenter? Contactez la Conciergerie [&hellip;]<\/p>\n","protected":false},"author":1,"featured_media":23,"parent":0,"menu_order":0,"comment_status":"closed","ping_status":"closed","template":"","meta":{"_themeisle_gutenberg_block_has_review":false,"footnotes":""},"class_list":["post-27","page","type-page","status-publish","has-post-thumbnail","hentry"],"_links":{"self":[{"href":"https:\/\/conciergeriedesvigneschalon.fr\/index.php\/wp-json\/wp\/v2\/pages\/27","targetHints":{"allow":["GET"]}}],"collection":[{"href":"https:\/\/conciergeriedesvigneschalon.fr\/index.php\/wp-json\/wp\/v2\/pages"}],"about":[{"href":"https:\/\/conciergeriedesvigneschalon.fr\/index.php\/wp-json\/wp\/v2\/types\/page"}],"author":[{"embeddable":true,"href":"https:\/\/conciergeriedesvigneschalon.fr\/index.php\/wp-json\/wp\/v2\/users\/1"}],"replies":[{"embeddable":true,"href":"https:\/\/conciergeriedesvigneschalon.fr\/index.php\/wp-json\/wp\/v2\/comments?post=27"}],"version-history":[{"count":21,"href":"https:\/\/conciergeriedesvigneschalon.fr\/index.php\/wp-json\/wp\/v2\/pages\/27\/revisions"}],"predecessor-version":[{"id":610,"href":"https:\/\/conciergeriedesvigneschalon.fr\/index.php\/wp-json\/wp\/v2\/pages\/27\/revisions\/610"}],"wp:featuredmedia":[{"embeddable":true,"href":"https:\/\/conciergeriedesvigneschalon.fr\/index.php\/wp-json\/wp\/v2\/media\/23"}],"wp:attachment":[{"href":"https:\/\/conciergeriedesvigneschalon.fr\/index.php\/wp-json\/wp\/v2\/media?parent=27"}],"curies":[{"name":"wp","href":"https:\/\/api.w.org\/{rel}","templated":true}]}}